(-2)). Let a(v) = -4*v - 33. What is a(l)?
-5
Let z be 0 + (3/(-3) - -5). Let h(r) = -9*r - 6. Determine h(z).
-42
Let o(l) = 40. Let v(p) = -2*p - 199. Let j(r) = 11*o(r) + 2*v(r). Let h be j(10). Let y(d) = 61 - 9*d - d**h - 124 + 54. Determine y(-6).
9
Let u(w) = 8*w - 5 - w**2 + 7 + 11. Let n(v) = -13*v + 88. Let m be n(6). Suppose 2*o - m = 8. Calculate u(o).
4
Suppose l + 2*o + 4 = 0, 8*l + 5*o + 10 = 7*l. Let x(m) = -1286*m**2 + 2 + 648*m**2 + 22 + 639*m**2. Give x(l).
24
Let u(j) = 2*j**2 - 4*j - 13. Let n = 5492 + -5485. Calculate u(n).
57
Let h = 1119 + -744. Let c = h + -366. Let y(a) = a**2 - 11*a - 8. Give y(c).
-26
Let m(p) be the first derivative of -2*p**3/3 + 3*p**2 - 3*p + 3. Let d be 9 - 15 - ((-450)/180)/((-1)/(-4)). Determine m(d).
-11
Let o(l) = 2*l**2 - 8*l + 8. Let z be o(1). Suppose -5*r = 3*d + 1, 5*r - 3*r = -2*d - z. Let y(f) = -1 - 4*f**2 + 3*f + f - 3*f. Calculate y(r).
-4
Suppose d + i = -4*i - 42, 0 = -4*d + 2*i - 80. Let v(c) = 2*c - 6. Let t be v(-6). Let w = d - t. Let k(q) = 2*q**2 + 3*q + 1. Give k(w).
21
Let r(s) = -s**3 - 12*s**2 + 15*s + 23. Let x = -1344 - -1331. Give r(x).
-3
Let a(q) be the first derivative of -1/3*q**3 + 1/12*q**4 + 19 + 0*q**2 - 22*q. Let x(r) be the first derivative of a(r). What is x(1)?
-1
Let r(h) = -54*h**2 - h - 2. Let g be 354/531*3/(-2). Give r(g).
-55
Let d(t) = -765*t**2 - 177*t**3 - 19 + 780*t**2 + 178*t**3. Determine d(-15).
-19
Let x(y) = 45015 - 28*y - 45060 + 2*y**2 - 7*y. Give x(20).
55
Let v(i) = i + 1. Let x(r) = 8*r + 6. Let q(m) = 5*v(m) - x(m). Suppose 5*t - 3*k = -85, -5*t = k + 4*k + 45. Let f be -4 + 1 + (-12 - t). Calculate q(f).
2
Let d(f) = 17*f - 5. Suppose -55 = 15*y + 50. Let r(p) = 34*p - 9. Let j(u) = y*d(u) + 4*r(u). Calculate j(1).
16
Let u(f) = -2*f - 2*f**2 - 4*f + f**2 - 2 - 3. Let r(a) = 2*a + 48. Let h be ((-39)/9)/(-2 + (-39)/(-18)). Let o be r(h). What is u(o)?
3
Let o(w) be the third derivative of 1/120*w**6 + 0 + 0*w + 1/10*w**5 + 6*w**2 + 5/6*w**3 + 1/4*w**4. Let n = -1241 - -1236. Determine o(n).
0
Let x(s) = 2 - 16*s + 6 - s**2 - 41 - 17 + 40*s. What is x(22)?
-6
Suppose 0 = 4*i - 7*j + 3*j - 8, -4*i = 5*j - 17. Suppose 6*q - 4*q - 10 = 5*x, -i*x = -q + 7. Let r(y) = -y**3 - 5*y**2 - 3*y + 7. Determine r(x).
3
Suppose d = l + 5, 2*l + 3 = -4*d + 11. Let x be d*(-3)/(-9) - (2 - 3). Suppose x*z = -5*z. Let j(g) = -g**3 + g**2 + 2. Give j(z).
2
Let v(a) = 3*a - 22. Suppose -r + 3 = 2*p, -5*p - 31 = -72*r + 71*r. What is v(r)?
11
Let o(q) = 47*q - 103. Let d(u) = 114*u - 256. Let b(y) = -5*d(y) + 12*o(y). Calculate b(7).
2
Let j(u) = 2*u**2 - 9*u + 9. Let n(g) = g**2 - 229*g + 1772. Let p be n(8). Give j(p).
5
Let r(v) = -6*v - 3. Let s(c) = 25*c - 92. Let f(x) = -3*r(x) - s(x). Calculate f(14).
3
Let r = 3888 - 3868. Let z(l) = 2*l - 45. Give z(r).
-5
Let g(l) = -101 - 8*l + 52 + 40 + 69. Give g(8).
-4
Let k = 2702 - 2695. Let f(v) = -5*v + 12. Calculate f(k).
-23
Let i = -1009 - -998. Let j(l) = -l + 4. Calculate j(i).
15
Let y(n) = n**3 - 4*n - 5. Let g(q) = -11*q**3 + 43*q**2 + 60*q + 44. Let h(l) = g(l) + 9*y(l). Calculate h(22).
43
Let f(u) = 77755 - 39039 + 12*u - 38974. Give f(21).
-6
Let a(k) = 6*k - 11. Let l(g) = 9*g - 18. Let u(i) = 7*a(i) - 4*l(i). Give u(11).
61
Let l(c) = -33*c + 61. Let q(d) = 120*d - 243. Let r(s) = 11*l(s) + 3*q(s). Determine r(-13).
-19
Let b(q) = -68*q**3 - 2*q - 2. Let l(x) = x**2 + 20*x + 18. Let t be l(-19). What is b(t)?
68
Suppose 18 - 6 = 3*r. Let j(t) be the first derivative of t**4/4 - t**3/3 - 5*t**2/2 - 3*t + 6496. What is j(r)?
25
Let v(q) = -q**2 - 28*q - 6. Let b(l) = l**3 - 17*l - 32. Let o be b(-4). Determine v(o).
-6
Let f(c) = -4*c - 40. Suppose 198 - 14 = -23*m. Determine f(m).
-8
Let d(m) be the second derivative of m**5/20 + 2*m**4/3 + m**3 - 7*m**2/2 - 838*m. What is d(-6)?
29
Let d(p) be the first derivative of -2*p + 7/2*p**2 + 9. Calculate d(-3).
-23
Let r(n) be the first derivative of 0*n**3 + 15 + 1/2*n**2 - 1/4*n**4 + 0*n. What is r(-1)?
0
Let l(a) = 2*a**3 - 16*a**2 + 12*a + 8. Let i be (-3)/(1*9/(-21)). Let o be l(i). Let s(f) = -f**3 - 6*f**2 + 3*f + 5. Calculate s(o).
-13
Let g(o) = 4*o - 6. Let l(z) = -3*z + 5. Let n(u) = 5*g(u) + 6*l(u). Let q be -2 + (-6)/(1 - 4). Suppose -k + q*k = -2. What is n(k)?
4
Let i(t) = t**2 + t + 4. Let p be (-6)/(-4)*(15 + -21). Let n = -9 - p. What is i(n)?
4
Let w(n) = 266*n + 55. Let v(l) = 161*l + 28. Let t(d) = -5*v(d) + 3*w(d). Determine t(2).
11
Suppose 0 = -i + 2*i + 4. Let r(q) = 3*q**2 + 6*q + 42. Let g(k) = -22*k**2 - 44*k - 286. Let w(d) = g(d) + 7*r(d). Calculate w(i).
0
Let p(t) = 8*t**2 + 32*t - 2. Let g = 3410 + -3414. What is p(g)?
-2
Let f(u) = -7*u**2 - 4*u + 34. Let s(d) = -2*d**2 + d - 1. Let t(g) = -f(g) - 3*s(g). Let q(i) be the first derivative of t(i). Give q(-1).
-25
Let k(c) be the second derivative of c**5/20 + 7*c**4/6 + 13*c**3/6 + 7*c**2/2 - 2909*c. Let b(z) = 6*z - 1. Let l be b(-2). Calculate k(l).
7
Suppose -4*p = z + 2*z + 1, -p + 8 = -2*z. Let o be z + ((-275)/5)/(-5). Let i(w) = -w**2 + 7*w + 11. Calculate i(o).
3
Let r(t) be the third derivative of -t**5/60 - t**4/6 + t**3/6 - t**2. Let f = 108470 + -108476. Determine r(f).
-11
Let t(f) = 19*f**3 + f**2 - f - 1. Let o(s) = -2*s**3 - 18*s**2 - 12*s + 31. Let h be o(-8). Calculate t(h).
-18
Let m(y) = -137*y**2 - 11*y - 69. Let h(p) = 183*p**2 + 15*p + 95. Let n(q) = 8*h(q) + 11*m(q). What is n(1)?
-43
Suppose 9*v + 144 = 17*v. Let x(y) = 3*y - 55. Let f be x(v). Let d(z) be the second derivative of -4*z**3/3 + z**2/2 + 11*z. What is d(f)?
9
Let m be ((-29)/4)/((-8)/(-64)*-2). Let v(i) = -i + 38. Determine v(m).
9
Let j(i) = -i**2 - 8*i + 5. Let y be j(-9). Let g(s) be the second derivative of 2*s**2 + 1/12*s**4 + 0 + 3/2*s**3 + 7*s. Calculate g(y).
-16
Suppose 305*i = 297*i + 24. Let z(o) = -2*o**2 + 12. What is z(i)?
-6
Let i(b) = -b**3 - 5*b**2 + 3*b - 5. Let o(k) be the second derivative of k**4/12 + 5*k**3/3 + 5*k**2/2 + 29*k - 1. Let u be o(-9). Give i(u).
-33
Let z(k) = -k**3 + 4*k**2 + 6*k + 7. Suppose 5*u + 7 = 2*s + 18, 2*s = -4*u + 16. Let p be (-2)/u - (5 + (-210)/18). Let m = p + -1. What is z(m)?
12
Let q = -4 + 1. Let l(z) = -10*z**3 - z - 70*z**2 + 33*z**2 - 1 + 8*z**3 + 33*z**2. Give l(q).
20
Let a(c) = 8*c - 27. Let v(o) = -11*o + 38. Let l(d) = 7*a(d) + 5*v(d). Let r = 14 + -7. Determine l(r).
8
Let g(b) = b**3 - 5*b**2 + 4*b - 11. Let a = -6272 - -6276. Determine g(a).
-11
Let f(n) be the second derivative of -n**4/6 + 7*n**3/6 + 3*n**2 + 2*n. Suppose -4*r = -3*y - 36, 27*r - 28*r - 4*y = 10. Give f(r).
-24
Let a(s) = -4*s**2 + 3*s + 21. Let j(v) = v**2 - v - 4. Let u(c) = -2*a(c) - 9*j(c). Let t(p) = p**3 - 4*p**2 - 4*p - 1. Let z be t(5). Give u(z).
-10
Let w(x) be the third derivative of -x**6/90 - x**4/24 + 16*x**3/3 - 39*x**2. Let u(j) be the first derivative of w(j). Suppose 0 = -3*t - 3 - 0. Give u(t).
-5
Let x = -7 + 11. Let y(k) be the second derivative of k**5/20 - 5*k**4/12 - k**3/6 + 3*k**2/2 - 32384*k. Determine y(x).
-17
Let k(i) = -i**3 + 15*i**2 - 6*i + 350. Let h = -4693 + 4709. What is k(h)?
-2
Suppose -900 = -2*c - 896. Let v(o) = 9*o**c - 2*o - 15*o**2 + 9*o**2 + o. What is v(-1)?
4
Let y(c) = 26*c**3 - 54*c**2 + 74*c + 220. Let w(l) = -5*l**3 + 11*l**2 - 15*l - 44. Let b(x) = 31*w(x) + 6*y(x). What is b(-18)?
10
Suppose 4*t + 11 = -21. Let h be t/36 - 92/(-9). Let g(b) be the second derivative of b**4/12 - 11*b**3/6 + 5*b**2/2 + 685*b. Calculate g(h).
-5
Let v(w) = 5*w + 10. Let t(x) = 2*x + 2. Let q(y) = y + 1. Let a(z) = 3*q(z) - t(z). Let s = -58 - -64. Let r(m) = s*a(m) - v(m). Give r(5).
1
Let y(k) = 98 + 70*k + 122 - 53 + 45. Determine y(-3).
2
Let w(r) be the third derivative of r**6/40 + r**5/60 - r**4/24 - 37*r**2. Suppose 7 = -x + 8. Give w(x).
3
Let w(l) = 2*l**3 + 56*l**2 - 23*l - 10. Let v(k) = k**3 + 21*k**2 - 11*k - 5. Let m(h) = 5*v(h) - 2*w(h). Calculate m(8).
-13
Let b(q) = q**3 + 4*q**2 - 46*q - 2. Let t be b(5). Let z(u) = -2*u**3 - 15*u**2 + 46. Give z(t).
-3
Let s(j) = -43*j - 10. Let x(b) = 79*b + 22. Let p(h) = -11*s(h) - 6*x(h). Calculate p(-24).
2
Suppose -5*q + d + 125 = 6*d, -5*q + 124 = 4*d. Let a(h) = -25*h - 13 + q*h + 4. What is a(-7)?
-2
Let s(z) = -z**3 - 2*z**2 - 9*z - 16. Let x